 108015 and 912?
57
What is the greatest common divisor of 95 and 372835?
5
Calculate the highest common factor of 855 and 135.
45
Calculate the greatest common divisor of 69 and 3507891.
69
What is the highest common factor of 377416 and 19?
19
What is the greatest common divisor of 35109 and 282?
141
What is the highest common factor of 28 and 7?
7
Calculate the highest common factor of 362 and 106066.
362
Calculate the greatest common divisor of 3339 and 1071.
63
What is the greatest common divisor of 144 and 8820?
36
What is the highest common divisor of 40345 and 10?
5
Calculate the greatest common factor of 4152 and 789.
3
What is the greatest common divisor of 223600 and 430?
430
Calculate the greatest common divisor of 36 and 147762.
18
What is the greatest common factor of 213 and 22649?
71
Calculate the greatest common divisor of 789 and 84160.
263
Calculate the greatest common factor of 605761 and 663.
221
Calculate the highest common factor of 1590 and 405.
15
Calculate the highest common divisor of 28041 and 247.
13
Calculate the highest common divisor of 466082 and 1431.
53
Calculate the highest common factor of 7824 and 206684.
652
Calculate the highest common factor of 107 and 1131418.
107
Calculate the highest common factor of 2365 and 29799.
473
Calculate the greatest common divisor of 323658 and 36.
18
Calculate the greatest common factor of 107247 and 819.
21
What is the highest common divisor of 101 and 23533?
101
Calculate the highest common divisor of 945 and 111.
3
Calculate the greatest common factor of 52 and 1300.
52
What is the greatest common factor of 2527 and 193021?
19
Calculate the highest common factor of 986 and 8497.
29
What is the highest common factor of 659172 and 96?
12
What is the greatest common factor of 14651 and 122843?
1127
What is the highest common divisor of 70468 and 474?
158
What is the highest common divisor of 197286 and 21084?
1506
What is the highest common divisor of 10067 and 1?
1
Calculate the highest common factor of 28 and 2416.
4
What is the greatest common divisor of 4726 and 35734?
34
Calculate the highest common factor of 20 and 19170.
10
Calculate the highest common factor of 5900 and 91568.
236
What is the highest common factor of 45 and 292440?
15
What is the highest common divisor of 559 and 8?
1
What is the greatest common divisor of 15936 and 12616?
664
What is the highest common factor of 8875 and 4970?
355
What is the greatest common factor of 125676 and 72?
36
What is the highest common divisor of 10776235 and 41?
41
Calculate the greatest common divisor of 170 and 182665.
85
What is the highest common factor of 2220 and 9220?
20
What is the greatest common divisor of 365 and 6675?
5
Calculate the greatest common factor of 206505 and 4680.
585
What is the greatest common factor of 104 and 1126372?
52
Calculate the greatest common factor of 663624 and 832.
104
What is the highest common divisor of 124 and 39122?
62
What is the highest common factor of 3384 and 1296?
72
What is the highest common factor of 5368 and 424?
8
What is the greatest common divisor of 1696184 and 168?
56
What is the greatest common factor of 921 and 25481?
307
What is the greatest common divisor of 284 and 55948?
284
Calculate the highest common factor of 585 and 787020.
195
Calculate the highest common divisor of 2702 and 56.
14
Calculate the greatest common factor of 159168 and 384.
192
Calculate the highest common divisor of 1440100 and 225.
25
Calculate the greatest common factor of 83282 and 6.
2
Calculate the highest common factor of 1968 and 118736.
656
Calculate the highest common divisor of 28053 and 4833.
27
Calculate the greatest common factor of 46842 and 9.
3
Calculate the highest common divisor of 674932 and 124.
124
What is the highest common divisor of 207184 and 32?
16
What is the highest common divisor of 37985 and 428?
107
Calculate the highest common divisor of 13919 and 10199.
31
Calculate the highest common divisor of 3626 and 9398.
74
What is the greatest common divisor of 1350 and 3967650?
1350
What is the greatest common divisor of 2552 and 113245?
319
What is the greatest common factor of 14375 and 29900?
575
Calculate the highest common divisor of 254 and 135509.
127
What is the greatest common divisor of 41956 and 884?
68
Calculate the greatest common divisor of 13 and 20550283.
13
What is the greatest common divisor of 10178112 and 896?
448
What is the greatest common factor of 38 and 4263714?
38
Calculate the greatest common factor of 2388565 and 395.
395
What is the greatest common factor of 1845 and 226980?
45
Calculate the greatest common factor of 37880 and 16.
8
Calculate the greatest common factor of 57940 and 40.
20
What is the greatest common divisor of 13 and 64844?
13
Calculate the highest common factor of 707 and 140289.
101
What is the greatest common divisor of 1344 and 29904?
336
What is the highest common factor of 51 and 50478?
3
What is the greatest common divisor of 321 and 1094503?
107
Calculate the highest common divisor of 1479 and 87.
87
Calculate the highest common divisor of 9040 and 1360.
80
Calculate the greatest common divisor of 760 and 105032.
152
Calculate the greatest common factor of 216 and 36018.
54
What is the highest common factor of 196863 and 2177?
311
What is the greatest common divisor of 960 and 90840?
120
What is the highest common factor of 18567 and 927?
9
Calculate the highest common divisor of 8630 and 2120.
10
What is the greatest common divisor of 1357 and 7981?
23
Calculate the greatest common divisor of 192 and 647352.
24
What is the highest common divisor of 785404 and 23?
23
Calculate the highest common divisor of 341 and 7409.
31
Calculate the highest common divisor of 88264 and 68.
68
Calculate the highest common divisor of 91202 and 62.
62
Calculate the greatest common divisor of 22169 and 70.
7
Calculate the greatest common factor of 1396 and 1168103.
349
What is the greatest common factor of 2763 and 1924890?
921
Calculate the highest common factor of 448 and 7090.
2
Calculate the highest common divisor of 11646 and 432.
18
Calculate the greatest common divisor of 28656 and 96.
48
What is the greatest common divisor of 146 and 1469782?
146
What is the highest common divisor of 1717 and 22725?
101
What is the greatest common divisor of 3405 and 591?
3
What is the greatest common divisor of 414245 and 2470?
65
Calculate the highest common factor of 546 and 37401.
273
Calculate the highest common factor of 1962464 and 224.
224
What is the greatest common factor of 399625 and 1150?
575
Calculate the greatest common factor of 450 and 4200.
150
Calculate the greatest common factor of 344 and 271889.
43
What is the highest common divisor of 1905 and 115824?
381
Calculate the highest common divisor of 16740 and 955.
5
Calculate the highest common divisor of 1955 and 369955.
115
What is the highest common divisor of 168448 and 154?
14
What is the greatest common divisor of 144285 and 30?
15
Calculate the greatest common factor of 7289 and 185.
37
Calculate the highest common divisor of 1122 and 389730.
66
Calculate the highest common factor of 74 and 15016154.
74
Calculate the highest common factor of 77470 and 10795.
635
Calculate the greatest common factor of 6725 and 284333.
269
What is the greatest common divisor of 45 and 139140?
45
What is the highest common factor of 2223069 and 6?
3
What is the greatest common factor of 142904 and 488?
8
Calculate the highest common factor of 9408 and 1134252.
588
What is the highest common divisor of 3012 and 444?
12
Calculate the highest common divisor of 2004 and 2215923.
501
Calculate the greatest common divisor of 4806 and 1135284.
534
Calculate the highest common factor of 494398 and 14.
2
Calculate the highest common factor of 182383 and 2439.
271
Calculate the highest common factor of 424572 and 150.
6
Calculate the greatest common factor of 3152 and 309487.
197
Calculate the highest common divisor of 90 and 107655.
15
Calculate the greatest common divisor of 261 and 12591.
9
Calculate the highest common factor of 15345 and 385.
55
Calculate the greatest common factor of 5632 and 275.
11
Calculate the highest common divisor of 4142 and 551.
19
What is the highest comm